e 9, what is 1245 + 86057?
87313
In base 8, what is 35 + -6077565?
-6077530
In base 16, what is 0 + -11c50fb?
-11c50fb
In base 12, what is -5 + -84881?
-84886
In base 13, what is -3200582 + 3?
-320057c
In base 7, what is -3045433502 - 3?
-3045433505
In base 14, what is -1da + 33a4?
31a8
In base 3, what is 12102212 - -21220122?
111100111
In base 12, what is -2 + -730382b5?
-730382b7
In base 6, what is -1300251 - -13?
-1300234
In base 11, what is -830 + 27303?
26583
In base 3, what is -10202 - 12100101211000?
-12100101221202
In base 14, what is -2 - -629b92?
629b90
In base 15, what is -b2a07e8 + 5?
-b2a07e3
In base 4, what is 120333013332 + -103?
120333013223
In base 15, what is -6e29168 + -4?
-6e2916c
In base 10, what is -1800 - -180?
-1620
In base 10, what is 33894 + -91?
33803
In base 6, what is -1555 + 135554?
133555
In base 3, what is 121 + 10012002111212001?
10012002111212122
In base 9, what is 5252 + -55162?
-48810
In base 14, what is 2a707 - -8c2?
2b1c9
In base 8, what is -1 - 47413056?
-47413057
In base 12, what is aa5573 + 96?
aa5649
In base 10, what is -140659818 - -4?
-140659814
In base 10, what is 56327344 - 3?
56327341
In base 15, what is 6643a + -4b?
663de
In base 12, what is -2351 - -2052?
-2bb
In base 10, what is -3659153 - -96?
-3659057
In base 2, what is 1 - 1000111101000110011100001?
-1000111101000110011100000
In base 14, what is 8 + -15594b?
-155943
In base 6, what is -14153 + 325122?
310525
In base 2, what is 11100111011 - 100101011101?
-1000100010
In base 2, what is 11100001010100 - 1000100?
11100000010000
In base 7, what is 51 + -26526052?
-26526001
In base 8, what is -11460700 - -1?
-11460677
In base 8, what is -13 - -701264?
701251
In base 7, what is 2212541134 + -1?
2212541133
In base 11, what is 26 + -60a9a53?
-60a9a28
In base 6, what is 5050410 - 201?
5050205
In base 16, what is -276792 - -9?
-276789
In base 10, what is -5430 + -42261?
-47691
In base 12, what is 31112 + 35?
31147
In base 11, what is -1473364 + -4?
-1473368
In base 6, what is -135130 - 111111?
-250241
In base 16, what is -4e9a34 + 0?
-4e9a34
In base 7, what is 14504 - 50113?
-32306
In base 8, what is -1673762 - -12?
-1673750
In base 8, what is 2376511 - -2?
2376513
In base 2, what is 1101100000100111101100001001 + 101?
1101100000100111101100001110
In base 9, what is 103 + -245143?
-245040
In base 15, what is -d - -52238a0?
5223892
In base 9, what is -302507 + -25?
-302533
In base 12, what is 1a483042 + 0?
1a483042
In base 5, what is -24213010 + -4344?
-24222404
In base 2, what is -11 + 10111001001001001001001?
10111001001001001000110
In base 2, what is -10010101001 - 11011100001?
-101110001010
In base 5, what is 103 + -10002123?
-10002020
In base 4, what is -1110202 + 2122?
-1102020
In base 13, what is 8 + -585a21?
-585a16
In base 10, what is 7595 + -1?
7594
In base 9, what is 3136634 - 75?
3136548
In base 5, what is 2134021 - 112434?
2021032
In base 11, what is -48a07 - -110?
-488a7
In base 2, what is 0 - 10111110011100110011?
-10111110011100110011
In base 8, what is -22134 + -112215?
-134351
In base 7, what is 51165 + 43266?
124464
In base 6, what is 10131 - -321325?
331500
In base 9, what is 2 + 25683084?
25683086
In base 7, what is 3213 + 1151454?
1155000
In base 5, what is 112 + 24032041?
24032203
In base 10, what is -189768778 + 4?
-189768774
In base 7, what is 104 - 40212?
-40105
In base 7, what is 0 + -20600406?
-20600406
In base 13, what is 4 - -2280c909?
2280c910
In base 15, what is 10 + -100bd7?
-100bc7
In base 2, what is 1001000010 + -11101011111?
-10100011101
In base 16, what is 118 + 11eb?
1303
In base 7, what is -1626320 - 303?
-1626623
In base 15, what is -4 + -75e6?
-75ea
In base 11, what is 116105a3 - -8?
11610600
In base 15, what is 70508c2 + -4?
70508bd
In base 16, what is -2c3e - -535?
-2709
In base 11, what is -2407029 - -4?
-2407025
In base 3, what is 21111210 + 121010?
22002220
In base 11, what is 136aa + -117a?
12530
In base 11, what is -58823 + 75?
-58759
In base 11, what is 3a + -240509?
-24047a
In base 12, what is 33166 + 1ba6?
35150
In base 6, what is 2315551454 + 2?
2315551500
In base 16, what is -1f1b - 887?
-27a2
In base 8, what is 16 + -5750364?
-5750346
In base 4, what is -1221301102023 - 21?
-1221301102110
In base 2, what is 10001001000111011001010011 - -100?
10001001000111011001010111
In base 16, what is 0 - -298a81e?
298a81e
In base 15, what is 1 + d4ed9?
d4eda
In base 12, what is -172b + -1501?
-3030
In base 12, what is -855903 - -4?
-8558bb
In base 13, what is 1 - -3215a96?
3215a97
In base 8, what is 22456606 + 46?
22456654
In base 8, what is 4147 - 1102604?
-1076435
In base 10, what is 26 - 289842?
-289816
In base 16, what is 1 + 4a11a0f?
4a11a10
In base 2, what is 11001100001000110001 - -10011?
11001100001001000100
In base 15, what is 30b7ba + -5?
30b7b5
In base 6, what is -2211531 + -544?
-2212515
In base 9, what is -62103 - 2234?
-64337
In base 16, what is 226a4 - -28d?
22931
In base 12, what is -4 + -586552?
-586556
In base 16, what is dc9b - 15?
dc86
In base 8, what is -2072 + -131232?
-133324
In base 10, what is 1 - 51235458?
-51235457
In base 7, what is -45 + -33300121?
-33300166
In base 8, what is 604 - 13741100?
-13740274
In base 9, what is -154614 + 145?
-154458
In base 14, what is -ddb + -7d9?
-17d6
In base 4, what is -31 + 12212001301?
12212001210
In base 13, what is -2ccb7c - 483?
-300332
In base 11, what is -15 + -313a3?
-31408
In base 3, what is -1000221100220 + -101?
-1000221101021
In base 8, what is 1202672 - -4?
1202676
In base 14, what is 5d5b + -2ac?
5a8d
In base 10, what is -14544 - -4404?
-10140
In base 2, what is -110100 + -1110101100010011?
-1110101101000111
In base 6, what is -122534202 - 223?
-122534425
In base 5, what is -100442 + -2132103?
-2233100
In base 13, what is 3c + 55772?
557b1
In base 11, what is 89 - 84a4?
-8416
In base 11, what is -1177 + 13661?
12495
In base 13, what is 457342 + -9c?
457273
In base 3, what is -1100 + 10211012111?
10211011011
In base 3, what is 1011200 + 1020221210?
1022010110
In base 11, what is -180 - -3a543?
3a373
In base 9, what is -84475 + 1515?
-82860
In base 12, what is 2508 + 17a1?
40a9
In base 16, what is 995 + 71?
a06
In base 2, what is -10011010110110001111100 - -101?
-10011010110110001110111
In base 4, what is -313 - -230301111?
230300132
In base 8, what is 32 + -264523?
-264471
In base 13, what is -4 - -305a3b9?
305a3b5
In base 16, what is -ad01 - d?
-ad0e
In base 5, what is 1000221420332 - 3?
1000221420324
In base 13, what is 9 + -5cc850?
-5cc844
In base 15, what is c8aeba + 0?
c8aeba
In base 16, what is 6de042 - 5?
6de03d
In base 7, what is 10116261 - 142?
10116116
In base 11, what is -32123a + -1?
-321240
In base 4, what is 110333233 + 2211?
111002110
In base 16, what is -1 - 116fbc?
-116fbd
In base 8, what is -5174 - 471553?
-476747
In base 4, what is -2032000333001 + -2?
-2032000333003
In base 2, what is -1010011001100100011010001001 - -1011?
-1010011001100100011001111110
In base 5, what is -21 - 444043331?
-444043402
In base 6, what is 1 - 4030542544?
-4030542543
In base 14, what is 654429 - -5?
654430
In base 10, what is 92 - 1271387?
-1271295
In base 7, what is 4 - -10342554131?
10342554135
In base 15, what is 3 + 36c9711?
36c9714
In base 12, what is -65732 + -20?
-65752
In base 3, what is 20222012 + -12210021111?
-12112022022
In base 9, what is -141086 - -472?
-140514
In base 2, what is 101001101001011101 + -100111?
101001101000110110
In base 7, what is 2602550 - -323?
2603203
In base 6, what is -101045 + 1450?
-55155
In base 7, what is 1 + -12031401?
-12031400
In base 12, what is -4 + 7463219b?
74632197
In base 16, what is 214c88 - -7?
214c8f
In base 13, what is 5689c28 + -18?
5689c10
In base 7, what is -3 - -1441600544?
1441600541
In base 2, what is -100101 - 1101101100000110011000?
-1101101100000110111101
In base 7, what is -6 - 446351354?
-446351363
In base 9, what is -34762805 + 0?
-34762805
In base 2, what is 1 + -11000100101001111101111?
-11000100101001111101110
In base 6, what is 11025 - 134142?
-123113
In base 13, what is 0 + -10b395?
-10b395
In base 4, what is -112021231 + -122?
-112022013
In base 5, what is 2124310222 - -1?
2124310223
In base 5, what is 3110240 + 110301?
3221041
In base 16, what is -fca95 - -509?
-fc58c